t of n(h)?
9
Suppose 0 = -4*d - 120 + 52. Let n = d + 23. Suppose -286 = -5*k + n*t - 2*t, 2*t = -3*k + 176. What is the tens digit of k?
5
What is the hundreds digit of 10865 + 3 + -2 + 25 + -19?
8
Suppose 65 = 3*a + 2. Suppose a*o = 6967 - 940. What is the units digit of o?
7
Let n = -955 - -965. What is the tens digit of n?
1
Suppose 2*g - 110051 = -3*a - 34505, a + 151134 = 4*g. What is the ten thousands digit of g?
3
Let c = 103597 + -36081. What is the thousands digit of c?
7
Suppose -15 = -a - t, -25 = -3*a + 2*t - 0. Let r = a + -13. What is the tens digit of 91*2*(9/(-6) - r)?
9
Let z = 12680 + -8676. What is the units digit of z?
4
Let h be 1142/8 - 2/(-8). What is the tens digit of 4/(16/h) - 5/(-20)?
3
Suppose 19*z - 25*z - 18*z + 1207080 = 0. What is the thousands digit of z?
0
Suppose 2*u - 83416 = -3*v + 45809, -3*u = 12*v - 516930. What is the ten thousands digit of v?
4
Suppose 6*y = -2*y. Suppose y = -9*g + 3*g + 18. Suppose -g*x = x + 2*p - 422, 4*p + 226 = 2*x. What is the hundreds digit of x?
1
Suppose 2*v - 44 = -5*j, -3*v - 16 = -4*j + 33. Suppose 5*u + 2055 = -6*i + j*i, 2*u = 10. What is the hundreds digit of i?
5
Suppose -2*a = 4*x - 402, -5*a + 15 = -0*a. Let r = 165 - x. What is the tens digit of r?
6
Suppose -93*p - 24*p + 1224160 = -3222893. What is the thousands digit of p?
8
Let w(m) = 20*m**2 - 68*m + 11. What is the units digit of w(-21)?
9
What is the units digit of -1*1 + (1435434/(-21))/(-26)?
8
Let t be (6 + (-92)/12)/((-5)/6). Suppose -5*p - 3*r + 251 = -1246, -902 = -3*p + t*r. What is the hundreds digit of p?
3
Let r(f) = -f**3 + 11*f**2 - 9*f + 3. Let l be (-21)/(-9) - (-1)/(-3). Suppose 4*z = l*z + 8. What is the units digit of r(z)?
9
Let w = 2 - 2. Let m = -3015 - -3020. Suppose r = m*u + 126, 0 = -w*r - r - 4*u + 153. What is the hundreds digit of r?
1
Let x(i) = 16*i**2 - 63*i + 953. What is the thousands digit of x(38)?
1
Let c(t) = -t**3 - 89*t**2 - 296*t - 201. What is the units digit of c(-87)?
3
Suppose -6*x + 42189 = 2*m - 9*x, -84351 = -4*m - 3*x. What is the hundreds digit of m?
0
Let v = 175 + -111. What is the hundreds digit of ((-173)/4)/((-16)/v)?
1
Suppose -20*b + 39*b = 6*b + 61178. What is the hundreds digit of b?
7
Let y be 5 + (-4 + 3 - -39). Suppose -2*f - y = -7. What is the hundreds digit of (-15 - f)/((-6)/(-274))?
1
Suppose 5*u + 2344 = -3*f + 11631, 4*u - 4*f - 7468 = 0. What is the thousands digit of u?
1
Let q be (4*2/8 - 4) + 3. Let d(s) = 3*s + 7. Let h be d(q). Suppose h*k - 2528 = -9*k. What is the units digit of k?
8
Let d(m) = m - 10. Let s be d(10). Suppose s = 15*n - 4279 - 2246. What is the tens digit of n?
3
Let h be ((-752)/24)/(4/6). Let s = h - -48. What is the units digit of (s/4 - -1)/((-10)/(-280))?
5
Let a be (1 + (-4)/40*-5)*4. Suppose -a*j = j - 1932. What is the tens digit of j?
7
Let f = 18522 - 6827. What is the thousands digit of f?
1
Suppose -4*u + 72165 = -7*u + 8*u. What is the hundreds digit of u?
4
Let w(r) = 2*r**2 - 22*r - 26. Let i be w(12). Let s be 1/i*-6 + 0. Suppose s*u + 99 = 5*o, -4*o = -8*o - 5*u + 94. What is the units digit of o?
1
Let i(q) be the second derivative of -2*q**3 + 7*q**2/2 + 20*q. Let u be i(-4). Let x = 36 + u. What is the tens digit of x?
9
Suppose -2434 = -2*o - 4*g, -5*o = -4*g - 5621 - 534. What is the units digit of o?
7
Suppose 0 = 8*t - 9*t + 18. Let a(i) = 2*i**2 - 8*i + 1. What is the units digit of a(t)?
5
Suppose 8*y = 38134 + 103450. What is the thousands digit of y?
7
Let d be (-4)/34 + (-9282)/(-289). Suppose -5*y = -4*o + 3 + d, -3 = y. Suppose -o*u = -2*z + 53, -4*z + 4*u + 141 = u. What is the units digit of z?
9
Let y = -721 + 1043. Suppose 2*b + 82 = y. What is the units digit of b?
0
Let w be (7/(-3))/((-17)/7854). Suppose 2*i - w = -126. What is the tens digit of i?
7
Let m(q) = 4*q**2 + 111*q + 52. What is the units digit of m(-65)?
7
Let d = -16886 + 23847. What is the thousands digit of d?
6
What is the thousands digit of (-15 - (-6 - 8))*-26669?
6
What is the ten thousands digit of ((-44992)/(-40) - 10)/(26/845)?
3
Let p(d) = -345*d**2 - 2*d + 2. Let j be p(1). Let l = 681 + j. Let r = -142 + l. What is the units digit of r?
4
Let y(u) = 4*u**2 - 5*u - 1. Let o be y(2). Suppose 2*z = 5*l - 238 + 903, 1646 = o*z + 4*l. What is the hundreds digit of z?
3
Let o be 78/66 + -1 - 72/33. Let g(q) = -486*q - 29. What is the tens digit of g(o)?
4
Suppose -224208 = 300*d + 311*d - 623*d. What is the thousands digit of d?
8
Let p(b) = -7*b**3 - 3*b**2 - 4*b - 2. Let c be p(-1). Let z = c - 24. Let m = 35 + z. What is the tens digit of m?
1
Suppose -7*q - 12 = -40. Suppose 3*c - 2*h - 47 = 0, q*c - 48 = 3*h + 16. What is the tens digit of c?
1
What is the thousands digit of 2/4*(-13650)/273*(-1 + -45)?
1
Let x(b) = 21*b**3 - b**2 - 9*b + 194. What is the tens digit of x(8)?
1
Suppose -3*c + 126 = -5*s + s, -3*s - 3*c = 84. Let r(q) = -16*q + 277. What is the hundreds digit of r(s)?
7
Suppose 10*r - 174*r = -13*r - 137259. What is the hundreds digit of r?
9
What is the thousands digit of (3*((-5)/(-2) - 3))/((-33)/189046)?
8
Suppose 10*y = 6*y + 7920. Suppose -3*r = 5*h - 3304, 6*r - 3*r - y = -3*h. What is the tens digit of h?
6
Suppose -25863 - 35198 = -61*g. What is the tens digit of g?
0
Let w = -177 + 144. Let x = 34 - -6. Let b = w + x. What is the units digit of b?
7
Let a(s) = -50*s**2 + 47*s - 102. Let u(y) = 17*y**2 - 16*y + 35. Let i(r) = -6*a(r) - 17*u(r). What is the hundreds digit of i(8)?
6
Let p = -28 + 28. Let f be -51 - 5 - (1 - p). Let h = -54 - f. What is the units digit of h?
3
Let r(n) = -n**3 + 15*n**2 + 7*n - 9. Suppose -3*z + 7*z = 5*y - 70, 3*y - 42 = 2*z. What is the units digit of r(y)?
5
Let n(l) = l**3 - 13*l**2 - 42*l - 4. Let t be n(-3). What is the units digit of (1 + -313)*(-13)/(-104)*t?
8
Suppose 26218 = 17*c - 20855. What is the tens digit of c?
6
Let r = 13 - -3. Let u(k) = 54*k - 19. Let y be u(r). Suppose 5*d - y = 2*h, -d = 2*d - 4*h - 507. What is the tens digit of d?
6
Let x(j) = j**3 + 5*j**2 + 2*j - 2. Let u be x(-4). Let b be 110/u + 14/(-42). Let i = 2 + b. What is the units digit of i?
0
Suppose 5*v - 7470 = 2*y - 7*y, -2*y = v - 1494. Suppose -7*x = -2*x - t - v, x = -3*t + 286. What is the hundreds digit of x?
2
Let a(v) = 5*v + 47. Let x be a(-9). Suppose 5*p - x*d - 86 = -3*d, -p + 19 = 2*d. Suppose -18*w + 5 = -p*w. What is the units digit of w?
5
Let t be 1*13*304*-1*-1. Suppose -m - d = -994, -3*m + 2*d = m - t. Suppose -m = -9*z + 54. What is the hundreds digit of z?
1
Let l = 93 - 256. Let v = l + 472. What is the tens digit of v?
0
Let t be 1/(-5) + 45/(-25) + 2. Let p be (2 - t)/(10 - 8)*-3. Let y = p + 67. What is the tens digit of y?
6
Let d(r) = 6*r**2 - 15*r + 14. Suppose -v + g + 14 = 0, 55 = -v + 6*v - 2*g. What is the tens digit of d(v)?
6
Let c = 1126 + -762. Let h = 507 - c. What is the tens digit of h?
4
What is the tens digit of ((-2)/5)/(132/(-1241130))?
6
Suppose -5*j = 3*q + q - 2, -16 = 2*j - 4*q. Let d(c) be the first derivative of 17*c**3/3 - 3*c**2/2 - c + 9. What is the tens digit of d(j)?
7
Let w(y) = -2*y - 9 - 5*y + 11*y. Let j be w(3). What is the tens digit of 78 + (j - 2 - (-2)/2)?
8
Let d(i) = -i**3 - i**2 - 24*i - 644. What is the units digit of d(-34)?
0
Let l(t) be the third derivative of t**5/60 + t**3/3 + 25*t**2. Let k be l(8). Let r = 187 - k. What is the units digit of r?
1
Let w = -811 - -544. Let d = -151 - w. What is the hundreds digit of d?
1
Let r(i) = i**3 - 9*i**2 - 9*i - 8. Let x be r(10). Suppose -4*h + 5*q + 87 = x*q, -18 = -h - 3*q. Let c = 46 - h. What is the units digit of c?
5
Let z(m) = m**3 - 13*m**2 - 20*m + 26. Let p be z(14). Let h = p - -54. Let k(l) = 4*l**2 - l + 8. What is the tens digit of k(h)?
7
Let n be -1*7*(-1 - 1)/2. Suppose -n*b = -206 - 2524. What is the units digit of b?
0
Suppose -91518 = -21*z - 21*z + 36*z. What is the tens digit of z?
5
Let i(t) be the second derivative of -26*t**3/3 + 7*t**2/2 - 2*t. Suppose -4*u - 5*a - 36 = 0, 8 = -u + 2*a + 12. What is the units digit of i(u)?
5
Suppose -6*t + t + 5*o + 70 = 0, -35 = -3*t - 4*o. Suppose -12 = -t*a + 14. Let g(p) = 20*p**3 - 4*p**2 + 9*p + 2. What is the tens digit of g(a)?
6
Let p(o) = -23*o + 67. Suppose 2*f + 75 = -5*t